s m(2)?
-132
Let r(u) = 280*u - 2867. What is r(13)?
773
Let i(b) = 4*b**2 - 5242*b + 31302. What is i(6)?
-6
Let j(l) = -1015*l**2 + 13131*l + 9. Give j(13).
-823
Let r(v) = -8*v**3 - 32*v**2 + 472*v + 1882. What is r(-4)?
-6
Let a(d) = 41616*d + 249717. Determine a(-6).
21
Let h(l) = -l**3 + 2758*l**2 - 116744*l - 93. What is h(43)?
-50
Let i(q) = -q**3 + 6*q**2 + 43*q - 177. Give i(-5).
-117
Let w(m) = -m**3 - 684*m**2 - 8087*m + 11. What is w(-12)?
287
Let z(n) = 5*n**2 + 260*n - 4646. What is z(14)?
-26
Let s(d) = 77*d + 25186. Determine s(-332).
-378
Let i(m) = -3*m**3 + 1117*m**2 + 83281*m - 2172. What is i(436)?
8
Let h(o) = o**2 - 206377*o + 825494. Determine h(4).
2
Let l(w) = -2*w**3 - 3*w**2 + 241*w - 910. Determine l(6).
-4
Let u(d) = -d**3 - 9*d**2 + 5299*d + 37179. Calculate u(-7).
-12
Let o(i) = -7594*i - 47. What is o(0)?
-47
Let f(a) = -5*a**2 + 199*a - 947. What is f(40)?
-987
Let k(i) = -69*i**2 - 44228*i + 597. What is k(-641)?
-44
Let v(x) = -x**2 + 33841*x + 575574. What is v(-17)?
-12
Let d(t) = -80*t**2 + 898*t + 1845. Give d(13).
-1
Let k(g) = 129*g**2 - 569*g - 2406. Calculate k(7).
-68
Let y(i) = -32*i**3 - 327*i**2 - 62*i. What is y(-10)?
-80
Let n(h) = -24*h**3 + 647*h**2 + 16*h + 262. Determine n(27).
-35
Let q(j) = j**3 - 16*j**2 - 54*j - 79. Determine q(20).
441
Let p(r) = 3*r**3 + 69*r**2 - 164*r - 347. Give p(-25).
3
Let o(m) = 285*m - 90354. Determine o(319).
561
Let a(z) = z**2 - 4*z - 1828. Give a(37).
-607
Let d(n) = 141*n - 6186. Determine d(52).
1146
Let a(z) = 5*z**2 - 111*z - 684. Determine a(0).
-684
Let x(j) = -j**3 + 15*j**2 - 136*j + 497. Give x(6).
5
Let n(o) = -13465*o - 215486. What is n(-16)?
-46
Let g(p) = -9355*p - 36629. Determine g(-4).
791
Let k(g) = g**2 + 138*g + 3187. What is k(-31)?
-130
Let m(g) = 5*g**2 - 202*g + 1963. Give m(19).
-70
Let b(m) = -m**3 + 33*m**2 - 390*m + 8346. Determine b(24).
4170
Let i(w) = 3587*w + 179350. Give i(-50).
0
Let a(f) = -f**3 + 45*f**2 - 488*f + 171. What is a(29)?
-525
Let t(g) = -25419*g - 101616. What is t(-4)?
60
Let n(p) = -29050*p + 87152. What is n(3)?
2
Let u(t) = t**3 - 172*t**2 + 695*t - 3772. Determine u(168).
92
Let t(n) = n**3 - 67*n**2 - 21*n + 188. Give t(68).
3384
Let d(r) = -2*r**2 + 1033*r - 13165. Calculate d(13).
-74
Let h(f) = -853*f**2 + 17069*f - 177. Give h(20).
3
Let t(b) = -2*b**2 - 112*b + 2344. Give t(21).
-890
Let i(a) = -6212*a - 6080. Give i(-1).
132
Let l(f) = 935*f - 23238. What is l(25)?
137
Let j(y) = 14*y**2 + 128*y - 1118. What is j(-13)?
-416
Let z(l) = -734*l - 2813. Calculate z(-4).
123
Let n(o) = -15893*o**2 - 1509836*o - 77. Calculate n(-95).
18
Let x(v) = -11303*v - 7. What is x(0)?
-7
Let b(h) = -6295*h - 82771. Determine b(-13).
-936
Let l(g) = -2*g**3 + 17*g**2 - 15*g - 15. What is l(-7)?
1609
Let x(j) = 307*j + 2916. What is x(-9)?
153
Let x(m) = -18558*m + 463953. What is x(25)?
3
Let x(f) = -11*f**2 - 9296*f + 150675. Give x(-861).
0
Let c(x) = 14*x**3 - 105*x**2 + 87*x - 247. Determine c(7).
19
Let n(c) = -c**3 + 65*c**2 + 214*c - 5631. Calculate n(67).
-271
Let y(t) = 206210*t - 9691864. Determine y(47).
6
Let i(b) = -2*b**2 - 2148*b + 712889. Calculate i(266).
9
Let y(b) = 4*b**2 - 132*b + 1010. Determine y(8).
210
Let s(y) = -5857*y - 17454. Calculate s(-3).
117
Let z(d) = d**3 - 322*d**2 - 177480*d + 14. What is z(-290)?
14
Let o(z) = 2*z**3 - 138*z**2 + 269*z - 152. What is o(67)?
-85
Let h(n) = n**3 + 161*n**2 - 58*n - 9271. What is h(-161)?
67
Let c(b) = -110*b**2 + 20682*b - 391. Give c(188).
-15
Let i(v) = -456*v - 7081. Give i(-16).
215
Let l(q) = q**3 - 38*q**2 + 141*q - 1186. What is l(35)?
74
Let g(b) = -287*b + 3784. What is g(14)?
-234
Let u(c) = c**3 - 31*c**2 + 263*c - 7227. Give u(31).
926
Let b(s) = 171326*s - 342466. Calculate b(2).
186
Let t(h) = -5977883*h - 35867306. Give t(-6).
-8
Let l(b) = 323*b**3 - 19*b**2 + 42*b - 4. Determine l(2).
2588
Let h(l) = 2363*l + 17771. Determine h(-8).
-1133
Let h(s) = 1515*s + 57683. Calculate h(-38).
113
Let t(s) = 29*s**2 - 19454*s + 169488. What is t(662)?
16
Let g(l) = 4*l**3 + 75*l**2 + 977*l + 6990. What is g(-11)?
-6
Let x(i) = -467*i**2 + 3071*i - 3670. What is x(5)?
10
Let j(w) = -w**3 + 3*w**2 - 491*w + 1474. Determine j(3).
1
Let m(u) = -3498*u + 398707. Calculate m(114).
-65
Let p(u) = 32676*u + 457891. Calculate p(-14).
427
Let w(m) = 2*m**3 + 265*m**2 - 136*m - 375. What is w(-133)?
24
Let g(w) = -2438*w - 119589. Determine g(-49).
-127
Let k(f) = 5000*f + 179990. Determine k(-36).
-10
Let v(j) = -173*j**3 + 1195*j**2 + 115*j - 22. Give v(7).
-1
Let v(i) = -146*i - 3759. Give v(-29).
475
Let q(i) = 1212177*i - 9697422. What is q(8)?
-6
Let f(x) = -x**3 + 14*x**2 + 86*x - 812. Determine f(12).
508
Let d(i) = -i**3 + 11*i**2 + 4*i - 8. Give d(8).
216
Let y(m) = 1819*m - 12742. Calculate y(7).
-9
Let g(a) = -a**2 - 36*a - 32. Calculate g(-14).
276
Let i(s) = 140*s**2 - 2624*s - 28. Give i(18).
-1900
Let o(m) = -29*m**2 + 1769*m - 8. Determine o(61).
-8
Let i(c) = 3082*c + 20746. Determine i(-6).
2254
Let u(b) = 3*b**3 + 19*b**2 + 1503*b + 9011. Determine u(-6).
29
Let t(m) = -11979*m - 2407782. Calculate t(-201).
-3
Let c(l) = -333*l - 47600. Calculate c(-143).
19
Let h(a) = 12587*a + 944020. Determine h(-75).
-5
Let f(k) = -23526*k - 447013. Calculate f(-19).
-19
Let r(a) = a**3 - 750*a**2 + 134227*a - 625. Determine r(295).
-35
Let i(j) = -11*j**2 - 3668*j - 7335. Calculate i(-2).
-43
Let u(w) = w**3 + 154*w**2 + 1542*w - 4430. Calculate u(-143).
3
Let h(i) = i**3 + 5*i**2 - 382*i + 171. Determine h(17).
35
Let f(d) = 9252*d - 85398. Determine f(9).
-2130
Let z(m) = -1191*m**2 - 107123*m + 6035. Determine z(-90).
5
Let y(l) = 6442*l + 1842376. Determine y(-286).
-36
Let j(g) = -20*g**2 - 303*g - 303. What is j(-14)?
19
Let k(b) = -52058*b - 1822033. Determine k(-35).
-3
Let h(w) = 287*w + 73332. Give h(-260).
-1288
Let d(b) = 989*b - 22766. Calculate d(23).
-19
Let b(y) = 351*y**3 - y**2 - 6*y + 9. What is b(1)?
353
Let a(i) = i**2 - 237179*i - 2371871. Give a(-10).
19
Let g(w) = -w**3 + 33*w**2 - 148*w + 1729. Give g(30).
-11
Let u(d) = -2*d**3 + 2*d**2 + 208*d + 147. What is u(11)?
15
Let t(w) = -4*w**3 + 129*w**2 + 35*w - 2144. Calculate t(32).
0
Let n(f) = 88139*f - 881516. Give n(10).
-126
Let n(l) = 807*l**3 - 2*l**2 - 11*l + 5. Calculate n(1).
799
Let m(s) = 6316*s - 530561. What is m(84)?
-17
Let y(u) = 8*u**2 + 143832*u + 1437513. Give y(-10).
-7
Let i(v) = -19*v**3 + 1709*v**2 + 529*v - 39507. What is i(90)?
3
Let k(z) = -9*z**2 + 58*z - 242. Give k(12).
-842
Let r(y) = -53*y - 2320. What is r(-36)?
-412
Let p(a) = -66296*a - 530956. Determine p(-8).
-588
Let q(d) = 17*d**3 + 159*d**2 - 65*d + 12. Give q(-9).
1083
Let b(w) = -5224*w - 10425. What is b(-2)?
23
Let j(x) = 6591*x + 2392532. Calculate j(-363).
-1
Let o(d) = -55513*d + 9215155. Calculate o(166).
-3
Let f(i) = -i**3 + 40*i**2 - 134*i - 501. Determine f(36).
-141
Let z(t) = 5*t**3 - 135*t**2 + 251*t - 1. Give z(25).
24
Let y(g) = 2*g**2 - 3*g - 202550. Calculate y(319).
15
Let b(g) = g**3 - 3*g**2 - 695*g + 3398. Give b(5).
-27
Let o(b) = 190201*b - 5706034. Calculate o(30).
-4
Let i(d) = -d**3 + 121*d**2 + 3146*d + 155. What is i(143)?
155
Let o(b) = 2*b**3 + 184*b**2 + 659*b - 3949. Give o(-88).
11
Let u(s) = 38*s**3 - 21*s**2 - 137*s + 52. Calculate u(2).
-2
Let m(u) = 13*u**2 + 863*u + 318. Determine m(-66).
-12
Let x(o) = -23573*o + 1815118. What is x(77)?
-3
Let o(s) = -6*s**3 + 749*s**2 + 93*s + 3993. Calculate o(125).
-7
Let d(t) = 3*t**2 - 699*t - 6623. Give d(242).
-89
Let c(k) = 3*k**3 + 500*k**2 - 177*k - 1557. Determine c(-167).
113
Let w(b) = -140*b + 27495. Give w(196).
55
Let l(a) = -48*a**3 - 13*a**2 - 47*a - 17. Give l(-3).
1303
Let c(h) = 4*h**3 + 524*h**2 + 28*h + 3654. Calculate c(-131).
-14
Let q(l) = 902*l + 18909. Give q(-21).
-33
Let z(t) = 3*t**2 + 185*t - 7822. Calculate z(30).
428
Let b(c) = 2*c**2 - 4756*c - 100759. What is b(-21)?
-1
Let q(f) = f**3 - 11*f**2 + 1219*f - 16208. Give q(13).
-23
Let a(u) = 413*u + 9832. What is a(-24)?
-80
Let s(o) = -5*o**3 - 52*o**2 + 21*o + 463. What is s(-10)?
53
Let g(b) = -10*b**2 + 699*b + 760. Give g(71).
-21
Let f(b) = -b**2 + 458*b - 19504. Give f(48).
176
Let o(p) = 34645*p + 34638. Wha